-2202
In base 2, what is 10001 - -101?
10110
In base 10, what is 1 - 147?
-146
In base 12, what is -36 - -5?
-31
In base 7, what is -464 + -1?
-465
In base 13, what is -a1a - -5?
-a15
In base 11, what is 1750 + 1?
1751
In base 3, what is 1000 - -1?
1001
In base 2, what is 101 - 111111?
-111010
In base 2, what is -11 - 110011000?
-110011011
In base 12, what is -100 + 20?
-a0
In base 10, what is 203 - -2?
205
In base 5, what is 3 - -1232?
1240
In base 4, what is -1302 + -330?
-2232
In base 7, what is -1661 - 5?
-1666
In base 13, what is 743 - -4?
747
In base 13, what is 31 - 4?
2a
In base 9, what is 61 + -23?
37
In base 9, what is -2 + -105?
-107
In base 14, what is -24b + 4?
-247
In base 9, what is 1370 - 3?
1366
In base 16, what is 4 - -158?
15c
In base 12, what is 7 + 18?
23
In base 16, what is -120 - 1?
-121
In base 4, what is 32 - 110?
-12
In base 11, what is -2 - 730?
-732
In base 13, what is 5 - 25cc?
-25c7
In base 6, what is 10 - -2502?
2512
In base 13, what is -110a - 9?
-1116
In base 6, what is -150 - 22?
-212
In base 12, what is -633 - -5?
-62a
In base 16, what is 205e + -4?
205a
In base 12, what is -537a + -5?
-5383
In base 16, what is -1 - -60?
5f
In base 11, what is -74 - 6?
-7a
In base 9, what is -1555 + -7?
-1563
In base 11, what is 6 - 11a?
-114
In base 11, what is -2 - -608?
606
In base 6, what is 534 + -241?
253
In base 11, what is -2999 + -4?
-29a2
In base 11, what is -215 + 2?
-213
In base 4, what is -1203 + 223?
-320
In base 7, what is -55 + 10?
-45
In base 8, what is 4 - -3721?
3725
In base 6, what is 20 + 2?
22
In base 3, what is 2 - 20?
-11
In base 2, what is 1000010 - 111?
111011
In base 15, what is -24 + -11?
-35
In base 3, what is 2101 - -1?
2102
In base 13, what is -214 + 5?
-20c
In base 4, what is -10 - -22?
12
In base 8, what is 5 - -434?
441
In base 6, what is 410414 + -4?
410410
In base 6, what is 1314 - 3?
1311
In base 6, what is 2 + 233?
235
In base 5, what is 1 - -100?
101
In base 5, what is -4 - 1214?
-1223
In base 12, what is 0 - -250?
250
In base 9, what is 2 + 101?
103
In base 9, what is 8447 + 0?
8447
In base 6, what is 1034 + 5?
1043
In base 3, what is 2 + -112012?
-112010
In base 3, what is 0 - 1111112?
-1111112
In base 15, what is -5 + 9c?
97
In base 7, what is -10206 + -4?
-10213
In base 13, what is -1 + 57?
56
In base 15, what is -5 - 472?
-477
In base 5, what is -3 + 401?
343
In base 2, what is 101 + -1010010?
-1001101
In base 8, what is 1005 - -1?
1006
In base 12, what is -24b - -4?
-247
In base 9, what is 1 + 178?
180
In base 5, what is -1 - -303?
302
In base 7, what is 4 + 515?
522
In base 16, what is -29f + -3?
-2a2
In base 7, what is 2 - -162?
164
In base 4, what is 0 + -1123?
-1123
In base 6, what is 211 + 0?
211
In base 16, what is 1 - -4cc?
4cd
In base 7, what is 1 - -103?
104
In base 7, what is 2 - -163?
165
In base 5, what is -414 + 1?
-413
In base 6, what is -12 - -10013?
10001
In base 9, what is -18 + 1?
-17
In base 4, what is 30 - -102311?
103001
In base 15, what is 27 + -5?
22
In base 2, what is -100 + -111010?
-111110
In base 14, what is -19 + -d?
-28
In base 3, what is -1100 + -10112?
-11212
In base 13, what is -17 - -3?
-14
In base 8, what is 23606 - -5?
23613
In base 8, what is -4 + 253?
247
In base 7, what is -4030 - -2?
-4025
In base 9, what is -322 + -3?
-325
In base 6, what is -202 + 3?
-155
In base 10, what is 2 - 79?
-77
In base 4, what is 1 + 23?
30
In base 11, what is 90 + -4?
87
In base 9, what is 4 + -47?
-43
In base 11, what is -5 + -854?
-859
In base 12, what is 5050 - 1?
504b
In base 11, what is -4 + -348?
-351
In base 11, what is -3 - 22?
-25
In base 9, what is 867 + -2?
865
In base 3, what is 22 + 1012?
1111
In base 10, what is -6 - -13?
7
In base 14, what is -a5 - -19?
-8a
In base 9, what is 227 - 1?
226
In base 11, what is 37a9 + -5?
37a4
In base 4, what is 3 + 133022?
133031
In base 15, what is 170 - -14?
184
In base 2, what is 1011 - 1000111?
-111100
In base 7, what is 22 - -20?
42
In base 7, what is -303 - -16?
-254
In base 11, what is 3 - 58?
-55
In base 8, what is -44 + -11?
-55
In base 9, what is -1 - 157?
-158
In base 5, what is -243 + -1?
-244
In base 5, what is 43 - 3421?
-3323
In base 12, what is 0 + -131?
-131
In base 11, what is 130 + -9?
122
In base 14, what is 2 + 589?
58b
In base 2, what is -111010 - 11?
-111101
In base 14, what is 3a55 - -1?
3a56
In base 12, what is 221b - -3?
2222
In base 12, what is 70 - a?
62
In base 10, what is 13910 - -4?
13914
In base 8, what is 4 + -54?
-50
In base 3, what is 120001 + 1?
120002
In base 2, what is 110 - 11000101?
-10111111
In base 7, what is 0 + -1461?
-1461
In base 7, what is 3 + -143?
-140
In base 8, what is 7 + 65?
74
In base 4, what is 21 + -320?
-233
In base 11, what is 5 - 4?
1
In base 9, what is 157 - 6?
151
In base 4, what is -12321 + 10?
-12311
In base 8, what is -53 + -21?
-74
In base 4, what is -23 - 10000?
-10023
In base 12, what is -3 - -96?
93
In base 9, what is 176 - 3?
173
In base 8, what is 265 - 0?
265
In base 3, what is -2020200 - 12?
-2020212
In base 14, what is 11cc5 + -1?
11cc4
In base 6, what is -2403 - 2?
-2405
In base 10, what is 1 + -1174?
-1173
In base 15, what is -3 - 0?
-3
In base 5, what is 12 + 12213?
12230
In base 11, what is -30 - -7a?
4a
In base 13, what is -1b + 2?
-19
In base 8, what is 1 - -1540?
1541
In base 14, what is 2 + -a0?
-9c
In base 14, what is -288 + 1b?
-26b
In base 13, what is -16 + -8c5?
-90b
In base 7, what is 4 - 22?
-15
In base 5, what is 1404 - -3?
1412
In base 11, what is -2 - -586?
584
In base 15, what is -61 + 4?
-5c
In base 13, what is a9 - -a?
b6
In base 16, what is -3 + -1d?
-20
In base 5, what is -1 - 322?
-323
In base 5, what is -112 + 41?
-21
In base 9, what is -8 - -5?
-3
In base 2, what is -111101101 - 11?
-111110000
In base 2, what is 1011 + -1000010000?
-1000000101
In base 7, what is -242 - -2?
-240
In base 9, what is 1 + -38?
-37
In base 14, what is -5b + 4c?
-d
In base 14, what is 3d + -5?
38
In base 14, what is 4 + -4a?
-46
In base 8, what is 12 - 1?
11
In base 14, what is -1 - 12d?
-130
In base 16, what is -23 + -1?
-24
In base 7, what is 1203 - -4?
1210
In base 8, what is 3 + -17?
-14
In base 7, what is -13 + -51?
-64
In base 14, what is -1d + -3?
-22
In base 7, what is -2 - 32?
-34
In base 14, what is 4 - -c81?
c85
In base 4, what is 12323 + 10?
12333
In base 5, what is 3 - 1103?
-1100
In base 5, what is 231 - -20?
301
In base 3, what is 0 - -112?
112
In base 14, what is 10 + -10?
0
In base 6, what is 2 - -34245?
34251
In base 5, what is 13 - 23?
-10
In base 8, what is 310 - 4?
304
In base 2, what is -1000001 - -10?
-111111
In base 11, what is 0 + -60?
-60
In base 10, what is -2 + -1727?
-1729
In base 7, what is -3 - 1105?
-1111
In base 11, what is -4 - -585a?
5856
In base 16, what is -2 - 11f7?
-11f9
In base 5, what is 2 + 13444?
14001
In base 10, what is 109 - 30?
79
In base 4, what is 22001 - -2?
22003
In base 15, what is 67 - 59?
d
In base 4, what is 1310 + -1?
1303
In base 6, what is -2 + -54?
-100
In base 11, what is 1 - 7?
-6
In base 8, what is 0 - -140?
140
In base 2, what is 1001001 - 11000011?
-1111010
In base 9, what is -1 - -271?
270
In base 3, what is 2112202 + -1?
2112201
In base 5, what is 4 + 40?
44
In base 15, what is 27 + -2?
25
In base 16, what is -3 + -1c2?
-1c5
In base 3, what is -2221 + 1210?
-1011
In base 9, what is -37 - 4?
-42
In base 15, what is 4c0 + 3?
4c3
In base 7, what is 4 + 200?
204
In base 6, what is 323 - -20?
343
In base 8, what is -4 - -4056?
4052
In base 14, what is -6 - b?
-13
In base 3, what is -200012 + 122?
-122120
In base 5, what is -200 + -30?
-230
In base 3, what is 100 + 2111?
2211
In base 5, what is 1 + -3210?
-3204
In base 10, what is -43 - -376?
333
In base 11, what is 61 + 79?
12a
In base 4, what is -23323 + -1001?
-30330
In base 15, what is -5e - -99?
3a
In base 12, what is -3 + -a1?
-a4
In base 12, what is -3 + -48?
-4b
In base 2, what is -11100 + 1011?
-10001
In base 16, what is 20 - -4?
24
In base 2, what is 1 - 10110111?
-10110110
In base 2, what is 101 + 1011100?
1100001
In base 11, what is 5 - 35?
-30
In base 14, what is 42 + 8?
4a
In base 13, what is 88a + 4?
891
In base 14, what is -14 + 14?
0
In base 6, what is 0 + 120?
120
In base 11, what is -940 + 1?
-93a
In base 13, what